1806543 a multiple of 7?
False
Is 881562084 a multiple of 13?
True
Is 79 a factor of 26787083?
True
Is 1448493877 a multiple of 147?
False
Is 79 a factor of 22282734?
False
Does 439 divide 440020065?
False
Is 63149799 a multiple of 123?
True
Does 36 divide 45050405?
False
Is 13 a factor of 43398268?
False
Is 38 a factor of 898634488?
True
Is 505608610 a multiple of 3749?
False
Is 3474 a factor of 2395021462?
False
Is 499142 a multiple of 353?
True
Does 588 divide 17433024?
True
Is 93223138 a multiple of 17?
True
Is 12247993 a multiple of 331?
True
Is 2381 a factor of 161972287?
True
Is 666287861 a multiple of 18?
False
Is 11618945 a multiple of 21?
False
Does 32 divide 1109024?
True
Does 3 divide 340550477?
False
Is 108 a factor of 29235276?
True
Does 42 divide 191299248?
True
Is 215577021 a multiple of 19?
True
Is 154953447 a multiple of 83?
True
Is 1055864742 a multiple of 103?
True
Is 23110822 a multiple of 31?
False
Is 9 a factor of 950457078?
True
Does 10 divide 72699701?
False
Is 91 a factor of 15521961?
True
Does 426 divide 114058249?
False
Does 6 divide 1242976?
False
Is 1048 a factor of 283280448?
False
Is 608841966 a multiple of 939?
True
Is 13 a factor of 301917265?
True
Is 14406672 a multiple of 7?
True
Does 14 divide 62403036?
False
Does 63 divide 383616533?
False
Does 34 divide 216168292?
False
Is 19 a factor of 222588265?
False
Does 5 divide 32825675?
True
Is 965976516 a multiple of 162?
True
Is 89761378 a multiple of 122?
True
Is 20444592 a multiple of 1491?
True
Does 10 divide 37059560?
True
Is 29444064 a multiple of 312?
True
Is 1185 a factor of 1444154760?
True
Is 486378632 a multiple of 1688?
True
Is 130 a factor of 23906480?
True
Is 37 a factor of 3937050638?
True
Is 11 a factor of 260913466?
True
Does 223 divide 3470273060?
False
Is 2779314714 a multiple of 309?
True
Does 194 divide 8668531?
False
Is 1792066094 a multiple of 51?
False
Does 12 divide 64843744?
False
Is 2167 a factor of 1053528223?
True
Does 44 divide 4138741?
False
Does 14 divide 2536494697?
False
Is 36 a factor of 1377267586?
False
Is 811430936 a multiple of 6389?
False
Does 90 divide 6099996150?
True
Is 731173921 a multiple of 2417?
True
Does 808 divide 53450008?
True
Is 71046240 a multiple of 20?
True
Is 628 a factor of 21867588?
True
Is 62395852 a multiple of 26?
False
Does 551 divide 229675151?
False
Is 7191683 a multiple of 495?
False
Does 58 divide 16883474?
False
Does 7 divide 90773320?
False
Does 857 divide 39208801?
False
Does 6 divide 875787929?
False
Is 256 a factor of 73025536?
True
Is 38599310 a multiple of 2728?
False
Is 68 a factor of 1337695048?
True
Is 328026435 a multiple of 1835?
True
Does 12 divide 18064604?
False
Does 235 divide 65749558?
False
Does 101 divide 119663586?
False
Is 93 a factor of 2975578338?
True
Is 4 a factor of 14335021?
False
Is 14 a factor of 630323121?
False
Is 23 a factor of 184123413?
False
Does 17 divide 1312610444?
False
Is 37 a factor of 30965707?
True
Is 8497 a factor of 2362004557?
True
Is 20374568 a multiple of 17?
True
Is 1775589619 a multiple of 44?
False
Is 17 a factor of 9431498?
True
Is 47 a factor of 99882708?
True
Does 17 divide 862874076?
False
Is 640772536 a multiple of 717?
False
Is 61094670 a multiple of 49?
True
Does 5 divide 86512775?
True
Is 8 a factor of 2503823?
False
Does 279 divide 52862967?
True
Does 27 divide 25880030?
False
Is 2598786 a multiple of 9724?
False
Is 1131467230 a multiple of 3310?
True
Is 137450720 a multiple of 116?
True
Is 20 a factor of 2017722200?
True
Is 348692920 a multiple of 321?
False
Is 917 a factor of 45912370?
False
Is 56620479 a multiple of 1129?
True
Is 111 a factor of 12593949?
True
Is 46810087 a multiple of 3183?
False
Is 16 a factor of 149833442?
False
Does 16 divide 152533893?
False
Is 148 a factor of 58858399?
False
Does 3 divide 501958359?
True
Does 28 divide 1032362436?
True
Is 119 a factor of 5602129?
False
Is 182 a factor of 1503272412?
False
Does 788 divide 252840808?
False
Is 13586818 a multiple of 7?
True
Is 363005827 a multiple of 26?
False
Is 18755120 a multiple of 968?
False
Is 29894875 a multiple of 5?
True
Is 10 a factor of 13983838?
False
Is 31917340 a multiple of 372?
False
Is 9 a factor of 4726548?
True
Does 628 divide 59139069?
False
Is 864 a factor of 23938644?
False
Is 19 a factor of 88320949?
True
Is 44 a factor of 153058566?
False
Does 50 divide 30925668?
False
Is 1268053542 a multiple of 9?
True
Does 9 divide 243930633?
False
Is 109702352 a multiple of 8?
True
Does 20 divide 1664913265?
False
Does 23 divide 264865465?
False
Does 435 divide 6276615?
True
Is 29391080 a multiple of 10?
True
Does 439 divide 41529881?
False
Is 61 a factor of 48160389?
False
Is 14703520 a multiple of 5?
True
Is 6767546 a multiple of 3?
False
Does 41 divide 63113309?
True
Is 217457262 a multiple of 11?
True
Is 2371119380 a multiple of 189?
False
Does 75 divide 8260650?
True
Is 6002821020 a multiple of 13614?
True
Is 52457742 a multiple of 49?
False
Does 6 divide 68548338?
True
Is 932 a factor of 63889501?
False
Is 31152687 a multiple of 36?
False
Is 1597684550 a multiple of 2135?
True
Is 926271255 a multiple of 43?
False
Is 119363550 a multiple of 27?
False
Does 28 divide 888133?
False
Is 925134129 a multiple of 8982?
False
Is 1385467707 a multiple of 11506?
False
Is 21 a factor of 291955029?
False
Does 4 divide 513517030?
False
Is 432 a factor of 135098928?
True
Is 167 a factor of 218854881?
False
Is 102974466 a multiple of 2562?
True
Does 13 divide 2192381832?
False
Is 905414704 a multiple of 61?
True
Is 36513121 a multiple of 21?
False
Is 27576703 a multiple of 216?
False
Does 337 divide 208559864?
True
Is 8395 a factor of 2265943632?
False
Does 1681 divide 3306527?
True
Does 111 divide 4069519233?
False
Does 2107 divide 566630?
False
Is 45420569 a multiple of 1007?
False
Does 335 divide 41741501?
False
Is 66655238 a multiple of 689?
True
Is 29135227 a multiple of 19?
True
Does 35 divide 28212060?
False
Is 560 a factor of 112810327?
False
Does 21 divide 4628780?
False
Does 553 divide 29328355?
True
Does 197 divide 250305442?
True
Is 17436396 a multiple of 355?
False
Is 1188279912 a multiple of 57?
True
Is 748 a factor of 117105164?
False
Is 479542034 a multiple of 300?
False
Does 31 divide 18160275?
False
Does 15 divide 1714864529?
False
Is 66917420 a multiple of 524?
True
Is 939 a factor of 12877446?
True
Is 3872 a factor of 3662715010?
False
Is 389162577 a multiple of 105?
False
Is 438 a factor of 23267436?
True
Is 132 a factor of 1348378284?
True
Is 343533223 a multiple of 631?
False
Is 202 a factor of 941514728?
True
Does 50 divide 506370200?
True
Is 853 a factor of 87791717?
False
Does 2402 divide 2105144026?
True
Does 285 divide 10065345?
True
Does 11 divide 158709837?
True
Does 17 divide 1145049620?
True
Is 234 a factor of 39525738?
False
Is 58073022 a multiple of 23?
True
Is 11069 a factor of 736852261?
True
Is 7 a factor of 104871473?
True
Is 7757076 a multiple of 366?
False
Is 29081302 a multiple of 85?
False
Is 54 a factor of 31814568?
False
Is 7991461 a multiple of 145?
False
Does 16 divide 3804171008?
True
Is 2 a factor of 1361822?
True
Is 94305926 a multiple of 9?
False
Is 2676 a factor of 2155837972?
False
Is 80 a factor of 511312720?
True
Is 57 a factor of 193998100?
False
Does 48 divide 148735527?
False
Is 1055742324 a multiple of 19?
False
Does 15 divide 25400502?
False
Is 17 a factor of 821783?
False
Does 49 divide 16576798?
True
Is 164577605 a multiple of 31?
True
Is 144 a factor of 590761728?
True
Does 115 divide 112428005?
False
Does 114 divide 6065028?
True
Is 10087636 a multiple of 2?
True
Is 22 a factor of 506867071?
False
Is 8181932 a multiple of 76?
True
Is 43659816 a multiple of 1256?
True
Is 1893 a factor of 579940631?
False
Is 391492800 a multiple of 7016?
True
Does 173 divide 19046464?
False
Does 96 divide 67690?
False
Is 873 a factor of 14049892?
False
Does 12 divide 708275121?
False
Does 195 divide 1196500695?
True
Does 2 divide 216064243?
False
Is 1511493075 a multiple of 4575?
True
Is 1546738043 a multiple of 6680?
False
Does 23 divide 9596699?
False
Does 4218 divide 214232220?
True
Is 294 a factor of 30028720?
False
Is 137 a factor of 32385218?
False
Does 137 divide 4522844261?
False
Is 1612647435 a multiple of 31?